 -2*m - 3*l - 22 = 0. Determine j(m).
3
Let r(y) be the third derivative of -y**5/120 + y**4/8 + 7*y**3/2 + 23*y**2. Let o(t) be the first derivative of r(t). What is o(7)?
-4
Let j(q) = 0*q - 29*q**2 + 0*q + q + 9*q**2 - 1. Suppose -3*h + 4 = p, 4*p - 3 = -h + 2. Determine j(p).
-20
Let u be (-2 + (1 - 1))/2. Let f be (-1)/(-3)*(u - 2). Let w(s) = -3*s**2 - s - 1. What is w(f)?
-3
Let a(v) = -8*v**2 - v - 3. Let d(q) = 23*q**2 + 3*q + 8. Let n(y) = 11*a(y) + 4*d(y). Suppose 2*r = 5*h + 21, -r + 6*r + 2*h = -20. Give n(r).
13
Let u(i) = 21*i - 1. Suppose -65*o + 61*o - 4 = 0. Calculate u(o).
-22
Let p(u) = -5*u**3 + 2*u - 1. Let t(z) = 7 + z - 7 + 7 + 6*z**2 + z**3. Let w be t(-6). What is p(w)?
-4
Let q(u) = -10*u + 2. Let j(n) = -n**3 + 4*n**2 - 13*n**2 + 25 - n**2 + 2*n**2 + 12*n. Let v be j(-9). Determine q(v).
22
Let q(x) be the second derivative of 2*x**2 + 0 + 1/6*x**3 - 15*x. Determine q(-9).
-5
Let m(h) = 2*h**2 - h - 2. Let s = 4 - 68. Let u = 66 + s. Determine m(u).
4
Suppose 0 = -2*l - 894 + 896. Let f(a) = 3*a**3 - a**2 + 2*a - 1. Give f(l).
3
Let h(w) be the third derivative of w**6/120 - w**5/20 - 5*w**4/24 - w**3/3 - 146*w**2 - w. Suppose 3 = r + y, -3*y = -2*r - 0*r + 11. Determine h(r).
-6
Let a(i) be the second derivative of -i**4/12 - 4*i**3/3 + 5*i**2 - 483*i. Let k be 4/((-2)/(-4) + -1). What is a(k)?
10
Suppose 4*y - 75 + 45 = -2*c, y = 3*c - 10. Let j(w) = -2*w**2 + 2*w + 5. Determine j(c).
-35
Let i(z) be the first derivative of z**4/4 - z**3/3 + z**2/2 + 60. What is i(0)?
0
Let g = -26 - -28. Let z(t) = 0*t**3 - 3*t**3 + 2 + g*t**3 + 3*t**2 - 2*t + t**2. Determine z(4).
-6
Let c(h) = 2*h - 9. Suppose 0 = -f - 15*f + 64. Calculate c(f).
-1
Let m(t) be the second derivative of -t**5/20 + 5*t**4/6 - 7*t**3/6 + 13*t**2/2 - 338*t. Give m(9).
31
Let d(t) = -11*t - 23. Let g(f) = -9*f - 22. Let l(y) = -4*d(y) + 5*g(y). Give l(-21).
3
Let o(c) = -c**2 - c - 1. Let u(i) = 7*i**3 - i**2 + i - 1. Let h be u(1). Suppose 0 = d + 29 - 22. Let t = h + d. Give o(t).
-1
Let h = -1 - -2. Suppose 0 = -2*a + 5*f + 24, f - 3 = -3*a - 1. Let y(c) = c**3 + 1 - 5*c**3 - 4*c**3 + a*c**2 - 2*c + 0*c. Give y(h).
-7
Let a(m) = -8*m - 1. Suppose -5*d = 2*w + 54, 5*d = 5*w - 6 + 71. Let k = -58 - -40. Let l = w - k. Determine a(l).
-9
Let b(j) = -j**3 + 5*j**2 + 16*j - 12. Let t be b(7). Let y(u) = -3 - u**2 + 2*u + 4*u - u. Calculate y(t).
3
Let m(z) = z**2 + z - 1. Let o(c) = -2*c - 12 + 7*c**2 + 16 - 13*c**2. Let d(a) = -5*m(a) - o(a). Let q be ((-2)/(-3))/((-4)/(-6)). Give d(q).
-1
Let d(g) = -g**2 + 8*g - 8. Let n(y) = y**3 - 5*y**2 - 2*y - 17. Let w be n(6). Determine d(w).
-1
Let i = -137 - -144. Let d(b) = 3 + b - 7*b**2 + b**3 - b**3 + b**3 + 0*b**3. Determine d(i).
10
Let j(h) be the third derivative of h**6/120 - h**5/15 + h**4/8 + 10*h**2 - 4*h. Suppose -5*l = -3 - 12. Give j(l).
0
Suppose -20 = -8*t + 3*t. Suppose 2*j = -t*i + 12, -2*j - i = i - 2. Let z(n) = -n**2 - 4*n - 1. What is z(j)?
-1
Let t(v) = 1 + 0*v**2 - v + 7*v**3 + v**2 - v**3. Let o(k) be the first derivative of k**3/3 - 3*k**2 - 6*k - 5. Let r be o(7). Determine t(r).
7
Let c = 46 + 23. Suppose c*i = 65*i. Let p(u) = u**3 - 10. Determine p(i).
-10
Let i(o) be the second derivative of -o**6/360 + o**5/20 - 3*o**4/8 + 23*o**3/6 + 15*o. Let s(b) be the second derivative of i(b). Determine s(7).
-16
Let k(w) = -6*w + 91. Suppose 0 = 2*v + 4*c - 52 + 8, 5*v + 3*c - 89 = 0. Give k(v).
-5
Let p = -18 - -23. Let c(j) = 2*j**3 - 17*j**2 - 11*j - 1. Let m(x) = x**3 - 9*x**2 - 6*x - 1. Let l(u) = 4*c(u) - 7*m(u). Give l(p).
-7
Let x(z) = 2*z + 2 + 8 + 0*z - 2. Give x(-10).
-12
Let m(z) be the second derivative of -z**4/4 + z**3/3 + z**2/2 - 2*z - 32. What is m(-1)?
-4
Let o(i) = -14*i**2 + 18*i + 14. Let t(p) = 5*p**2 - 6*p - 5. Let s(b) = -3*o(b) - 8*t(b). Let h be s(4). Let m(u) = -u**3 + 5*u**2 + 5*u - 6. Determine m(h).
-12
Let o(r) = r**2 - r - 2. Let k(c) = -c**3 + 5*c**2 - 2*c + 1. Let i(l) = -k(l) - o(l). Let j be 1 + 2 + (-4)/(-2). Determine i(j).
-9
Let f(p) be the second derivative of 7/6*p**3 - 1/12*p**4 - 4*p + 0 - 5/2*p**2. Suppose -2*b + 4 = 2*h, h - b - 18 = -2*h. Give f(h).
5
Let g(f) = 6*f**2 - f - 2. Let u(v) = -21*v + 292. Let i be u(14). Determine g(i).
24
Let k(l) = -2*l - 3*l**2 - 2*l + 3*l - l**3. Suppose 2*y - 18 = 5*y. Let i be ((-15)/(-6) + -2)*y. What is k(i)?
3
Let s(u) = u**2 + 5*u - 3. Let q be 5 - (-5)/(15/(-6)). Let r(h) = -h - 1. Let m be r(q). Give s(m).
-7
Let w(n) = -n**3 + 8*n**2 - 9*n + 10. Let b(l) = -2*l - 7. Let z be b(-5). Suppose t = -z*t, 5*t = -k - 4. Let h be ((-12)/4 - k)*7. Calculate w(h).
-4
Let q(z) = 12*z - 2. Let g be ((-12)/18)/((2 + 2)/12). Determine q(g).
-26
Let r(q) = -1. Let y be (4 + (-1 - 4))/(-1). Let c(d) = d + 1. Let n(j) = y*c(j) - 2*r(j). Give n(0).
3
Let p(g) be the third derivative of -23*g**2 + 1/2*g**3 + 0 + 0*g - 1/12*g**4. Determine p(-3).
9
Let j(c) = -c**3 - 9*c**2 - 5*c + 9. Suppose 77 = 13*s - 235. Suppose 2*k + 4*b = k - 8, s = -3*k + 5*b. Calculate j(k).
-15
Let u be (-4*3/(-48))/(1 - 20/16). Let l(v) = -9*v**2 - 2*v + 5. Let o(q) = -8*q**2 - 2*q + 4. Let r(a) = -5*l(a) + 6*o(a). Give r(u).
-2
Let g(f) = -18*f - 148. Let p be g(-9). Let a(u) = -u + 2. Calculate a(p).
-12
Let n = 72 + -28. Let u(t) = t**3 - 45 - 9*t + 7*t**2 + n + 0*t**3. Determine u(-8).
7
Let a(q) = -q**3 - q. Let f be a(1). Let j = f - -2. Let c(k) = 832*k - k**2 - 832*k - 9. Give c(j).
-9
Let o(n) = -16*n + 8*n + 7*n - 1 + 13*n. What is o(1)?
11
Let i(q) be the second derivative of q**5/120 - q**4/3 - 3*q**3/2 - 3*q. Let o(n) be the second derivative of i(n). What is o(0)?
-8
Let g(f) = f**2 + 13*f - 21. Let j = -1167 + 1153. Calculate g(j).
-7
Suppose -2*n + 0 = 2*q + 26, 3*q = n - 7. Let h(x) = x**3 + 7*x**2 - 8*x - 2. Calculate h(n).
-2
Let y(h) = 3*h - 1 + 2 - h**2 + 1. Suppose -11*t + 9 = -35. What is y(t)?
-2
Let n = 38 + -36. Let k(f) = f - 10*f**n + 2*f**2 + 9 - 9. Give k(1).
-7
Let g(s) be the third derivative of -s**5/60 + s**4/24 - s**3/3 - 2*s**2 - 113. What is g(2)?
-4
Let x(w) = -3*w + 29*w**3 - 12*w**2 + 4*w + 24*w**3 - 54*w**3 + 2. Give x(-12).
-10
Suppose -5*j + j = -40. Suppose 42 = 30*p - 36*p. Let x = j + p. Let m(z) = z**2. What is m(x)?
9
Suppose 16*s - 834 + 834 = 0. Let x(i) be the first derivative of i**2/2 - 10*i + 1. Determine x(s).
-10
Let q(h) = -h + 0 + 0*h - 4. Suppose 8*m - 10 = 10*m. Determine q(m).
1
Let s = -589 + 566. Let h(j) = j**2 + 23*j + 10. Calculate h(s).
10
Let u(i) = 13 + 20*i**2 + 3*i + 0*i + 6*i - 19*i**2 + 0*i. Give u(-7).
-1
Let t be ((-35)/(-20))/((-2)/8). Let f(u) be the first derivative of u**4/4 + 2*u**3 - 7*u**2/2 - 4*u + 2. Give f(t).
-4
Let t(i) = 27*i + 4 - 9*i - 22*i + 6. Give t(7).
-18
Let v(s) = -s**3 - 8*s**2 - 7*s + 4. Let f(y) = -y**3 - 7*y**2 - 6*y + 4. Let r(w) = -4*f(w) + 3*v(w). Calculate r(-3).
-4
Let n(q) = 3*q + 20. Let i be (-1)/(((-7)/(-49))/1). Calculate n(i).
-1
Let c(b) be the second derivative of -b**3/6 + 9*b**2 - 156*b. Determine c(23).
-5
Let w = 16 + -16. Let g be w + 1 - (-4 - -8). Let c(x) = x**3 + 4*x**2 + 3*x - 3. What is c(g)?
-3
Let o(h) = h**3 + 3*h**2 + 2*h + 2. Suppose -5*p = 16 - 6. Let n be o(p). Let b(y) = 5*y + y**3 + 0 + 17*y**n + 4 - 11*y**2. Determine b(-4).
16
Let h(s) = 2*s**2 - 22*s - 7. Let k be h(11). Let n(c) = c**3 + 6*c**2 - 94*c + 3 + 2 + 89*c. What is n(k)?
-9
Let g(q) = -3*q**2 - 1. Suppose -2*r + 14 = -2*o, 4*r - 25 = -r + 3*o. Determine g(r).
-13
Let s be -8 - 14/(308/(-187)). Let p(v) be the third derivative of 0 - 1/4*v**4 - s*v**3 + 0*v - 1/60*v**5 - 5*v**2. Give p(-5).
2
Let t(l) be the second derivative of -l**4/12 - 5*l**3/6 + 5*l**2 + 78*l. Determine t(-7).
-4
Suppose -17*u + 14*u + 15 = 0. Let n(s) = -4*s + 27. Give n(u).
7
Let g = -11 + 8. Let a(f) = -3*f - 7. Let k be a(g). Let o(i) = -1 + 3*i - 3*i - k*i. Give o(3).
-7
Let v(c) = 19*c**3 - 1. Suppose 5 = -5*o + 3*h, -6*h = -5*h. Determine v(o).
-20
Let a(r) = -r**2 - 3*r - 1. Let o be a(-2). Let u(k) = -6*k**2 - 62*k + 116*k - 55*k. What is u(o)?
-7
Suppose 28*p - 18*p - 60 = 0. Let z(i) = i**2 - 8*i + 7. What is z(p)?
-5
Suppose -2*g + 5 = 7. Let z(y) = -y**2 - 2*y - y**2 + 7*y**3 + 0*y**2 + 1 - 2. Give z(g).
-8
Let i(y) = -y**2 + 5*y - 3. Let n(a) = a**3 - 13